 1 + 4?
2
Suppose k = 2 - 0. Suppose 2*n - 134 = -r - 2*r, 250 = 5*r - k*n. Suppose -7*p + 3*p = -r. What is the remainder when 23 is divided by p?
11
Suppose 5*n = 6*n - 3. Suppose m - 13 = n*o, 2*m - 4*o + 3*o = 21. Calculate the remainder when 16 is divided by m.
6
Suppose 2*k - 4*w - 66 = 0, 2*w = -2*k + 10 + 26. Calculate the remainder when 42 is divided by k.
19
Let n = -6 - -16. Suppose 9*f + 17 = n*f. Suppose 2*l - 14 = 4. What is the remainder when f is divided by l?
8
Suppose 0 = h - 18 - 9. Let g(b) = -9*b + 6. Calculate the remainder when g(-8) is divided by h.
24
Suppose 4*w = 10 + 6. Suppose 0 = -r + 2 + w. Calculate the remainder when r is divided by 2.
0
Let i be (8/12)/(2/24). Let z(d) = d**3 - 6*d**2 - 13*d + 9. What is the remainder when z(i) is divided by 12?
9
Let y = -95 - -101. What is the remainder when 28 is divided by y?
4
Suppose -4*w + 20 - 8 = 0. Let f(z) = z**2 + 9*z + 27. What is the remainder when f(-5) is divided by w?
1
Suppose -6 = -y - 4*f, -y + 3*f - 2 = -f. Let p(z) = 0*z - 2*z**2 + 5*z**3 + 3*z - 2*z - 2*z**3. Calculate the remainder when y is divided by p(1).
0
Let d = 124 - 42. What is the remainder when d is divided by 27?
1
Let v = 156 - 89. What is the remainder when v is divided by (-9)/(-9)*(0 - -23)?
21
Let u be -25 + (3 - (-1 - -3)). Let i = -9 - u. Let j = 73 - 44. Calculate the remainder when j is divided by i.
14
Suppose -43 = -b + 53. What is the remainder when b is divided by 14?
12
Suppose 4*o - 12 = 0, z - 1 = 5*o + 2. What is the remainder when (-40)/(-16)*(-68)/(-5) is divided by z?
16
Suppose 3*d + 161 = 5*z, -5*z + d + 0*d = -167. Calculate the remainder when 166 is divided by z.
30
Let h(i) = -i**2 + 0*i + 0*i**2 + 2 - 5*i. Let u be h(-4). Let m = 9 - u. Calculate the remainder when 4 is divided by m.
1
Suppose 3*s - 14 = 10. Suppose -k + s = -32. What is the remainder when k is divided by 21?
19
Let i(a) = a**3 - 8*a**2 - 19*a + 9. What is the remainder when 69 is divided by i(10)?
12
Let m = 35 - 14. Calculate the remainder when 82 is divided by m.
19
Suppose z - 17 = -3*k + 64, -5*z + 2*k = -354. Suppose g + 3*g = z. What is the remainder when g is divided by 7?
4
What is the remainder when 1 - (6/(-1) + -3) is divided by 6?
4
Suppose 4*y = -3*b + 100, -b + 4*y - 72 = -3*b. Calculate the remainder when b is divided by 176/18 - (-8)/36.
8
Suppose 93 = -x + 37. Let n = 81 + x. What is the remainder when n is divided by 9?
7
Let v = -9 + 20. Suppose 7 - 3 = 4*s. Suppose -4*w - 3*j - s + 94 = 0, -3*w - 3*j = -72. What is the remainder when w is divided by v?
10
Let g = 40 - 22. What is the remainder when 71 is divided by g?
17
Suppose q - 8 = 3. Calculate the remainder when 26 is divided by q.
4
Let h(m) = -m + 1. Calculate the remainder when h(-18) is divided by 7.
5
Let v(r) = -r**3 + 6*r**2 + 9*r - 10. Let z be v(7). Suppose g - 4*w - 20 = 0, 2 + 14 = -z*w. Calculate the remainder when 14 is divided by g.
2
Let m(a) be the third derivative of -a**6/120 + a**5/10 - 5*a**4/24 - 2*a**3/3 + 3*a**2. What is the remainder when 23 is divided by m(4)?
7
Let o(x) = 14*x - 1. Suppose 0 = 4*a - 7*a, 0 = -3*k - 5*a + 111. Calculate the remainder when k is divided by o(1).
11
Let b(c) = -c + 5. Suppose 2*v - 88 = -3*j + 3*v, -2*j - v + 52 = 0. Calculate the remainder when j is divided by b(-5).
8
Let i = -9 - -44. Let h = 247 - 144. What is the remainder when h is divided by i?
33
Let h = 1 - -3. Calculate the remainder when 14 is divided by h.
2
Suppose 0*h = 2*l - 3*h - 48, 3*l + 3*h - 57 = 0. What is the remainder when 81 is divided by l?
18
Calculate the remainder when (5 - (4 - 1))*(21 - -2) is divided by 12.
10
Let i(s) = -23*s - 3. Let t(c) = -c**2 + 2*c + 3. Let o be t(3). Suppose -4*l - 17 + 85 = o. What is the remainder when i(-3) is divided by l?
15
Suppose -2 = 2*c - 8. Calculate the remainder when 4 is divided by (-1)/3 - (-10)/c.
1
Suppose 5*p - 99 - 66 = 0. Let r = 21 + p. Calculate the remainder when r is divided by 19.
16
Suppose 3*w = -2*b + 245, 17 = w - 2*b - 70. Suppose 2*k - z + 2*z - 57 = 0, 3*k + 4*z - w = 0. What is the remainder when k is divided by (0 + 0 - 0) + 15?
14
Suppose c = 2*c - 6. Suppose 0 = c*l - 2*l + n - 1, 4 = -l + 4*n. Suppose -3*r + 0*r + 42 = l. Calculate the remainder when 40 is divided by r.
12
Let j = 3 + -4. Let m be 1/(-2)*(21 - j). What is the remainder when 26 is divided by -1 + (2 - (m + -2))?
12
Let a(u) = -u**3 + 5*u**2 - 3*u + 4. Let f = 63 + -26. What is the remainder when f is divided by a(3)?
11
Calculate the remainder when -106*((-2)/(-4))/(-1) is divided by 27.
26
Calculate the remainder when 1/((-24)/(-18) + (-305)/231) is divided by 39.
38
Let k be 2 + -3*(-2 - -3). Let i(l) = -17*l**3 - l**2 + l + 1. Suppose p + 3*a = -9, -35 = -5*p - 0*p + a. What is the remainder when i(k) is divided by p?
4
Calculate the remainder when 17 is divided by (-6)/2 - (7 + -19).
8
Let x = 5 + -3. Suppose -1 = -3*s + 14. Suppose -v + 5*h + 20 = 0, x*h + 43 = s*v - 57. Calculate the remainder when 39 is divided by v.
19
Let l(k) = -k**2 + 12*k - 5. Calculate the remainder when 87 is divided by l(9).
21
Let b(o) = -o**2 + 4*o + 1. Let g be b(3). Let d(z) = -z + 4. Let x be d(5). What is the remainder when 5 is divided by (g - (x - -1))*1?
1
Let l(f) = f**3 + 4*f**2 + 4*f - 1. Let m be l(-3). Calculate the remainder when (6/m)/((-6)/296) is divided by 19.
17
Suppose 5*u = 4*u + 2*m + 6, -2*u - 2*m + 36 = 0. Calculate the remainder when u is divided by 10.
4
Suppose 66 = 2*b - 4*g + 3*g, 39 = b - 2*g. Calculate the remainder when b is divided by 7.
3
Suppose -3*h + 282 = 3*g, 3*h + g = 4*h - 100. Calculate the remainder when h is divided by 25.
22
Suppose 8*p = 322 + 30. Let g(c) = 3*c + 3. What is the remainder when p is divided by g(4)?
14
Suppose 3*y + 4*l = 182, 2*l + 300 = 5*y + 7*l. What is the remainder when y is divided by 30?
28
Suppose 80 = w + 3*w. Let z = -8 - -8. What is the remainder when w is divided by 12 + z + -3 + 2?
9
Suppose 0 = -3*m + 177 - 3. Let g(i) = i**3 + 6*i**2 - i. What is the remainder when m is divided by g(-5)?
28
Let j(r) = 7*r. Let h = -7 - -6. What is the remainder when 21/1 - 2 - h is divided by j(1)?
6
Let d(t) = -t**2 - 16*t + 9. Suppose -3*o = -6*o + 30. What is the remainder when d(-14) is divided by o?
7
Suppose -6*z = 4*b - 3*z - 56, -4*z = 3*b - 49. Calculate the remainder when 20 is divided by b.
9
Suppose z = 2*u - 62, 0*u - 52 = -2*u - 4*z. Let n = -28 + 36. Calculate the remainder when u is divided by n.
6
Let a(r) = -r**2 - 14*r + 21. Suppose -3*j = -55 - 2. Calculate the remainder when a(-11) is divided by j.
16
Suppose -3*t + 148 = -4*z, -t = -2*z - 8 - 44. Let v be -2 - 2*(-29 + -2). Suppose -v = -k - 3*k. Calculate the remainder when t is divided by k.
14
Let u(m) = -m**3 - 7*m**2 + 3*m - 31. Calculate the remainder when 25 is divided by u(-8).
7
Let g(i) = -i + 37. Let m be g(0). Suppose y - 4 = m. Suppose c - 16 = -3*r, 2*r - y = -3*c - 0*c. What is the remainder when 36 is divided by c?
10
Let z(n) = n**3 + 8*n**2 + 3*n - 1. What is the remainder when z(-6) is divided by 14?
11
Suppose 5*q - 57 = -2*u, -3*u - 3*q + 56 = -7. Suppose 0 = -4*r - 4*y + u + 8, y = 2. Suppose 45 = n + r*n. What is the remainder when 26 is divided by n?
8
Suppose 2*g = -3*g + 55. Calculate the remainder when 21 is divided by g.
10
What is the remainder when ((-2)/1)/(6/(-42)) is divided by 5?
4
Let u = -141 - -222. What is the remainder when u is divided by 42?
39
Let u(d) = -8*d - 2. Calculate the remainder when 22 is divided by u(-1).
4
Suppose 4*h - 40 = 3*p, -h + 27 = -6*p + p. What is the remainder when 27 is divided by h?
6
Let v be (-2)/(-4) - 150/(-4). Suppose -i = 3 + 5. Let l = v + i. What is the remainder when l is divided by 16?
14
Suppose u - 15 = 2*j, 0*u + 3*j = -2*u - 5. Suppose 5*a - 80 = o + 4*o, -u*o - 56 = a. Let d = 2 - o. What is the remainder when 26 is divided by d?
12
Let z(t) = 3*t**3 - t**3 - 6 + 2*t - 9*t**2 + 2*t**3 - 3*t**3. What is the remainder when 35 is divided by z(9)?
11
Suppose 3*s - 4*s = 3*p - 35, 0 = -2*p + 8. What is the remainder when 91 is divided by s?
22
Let x = 277 - 110. What is the remainder when x is divided by 56?
55
Let i = 73 + -62. Let x be (-23)/2 + (-2)/(-4). Let a = -8